- 77. Let n = 494 + v. Is n prime?
False
Suppose m + 41946 = 4*y, -2*y - 2*m + 5*m + 20968 = 0. Is y a composite number?
False
Suppose -v - 30 = -l + v, 0 = 5*l - v - 195. Suppose -917 = -r - l. Is r composite?
False
Let l be (-1 + 0)/((-2)/2). Let d(n) be the third derivative of 61*n**5/30 + n**4/24 + 17*n**2. Is d(l) a prime number?
False
Let t(p) = 5472*p + 175. Is t(9) a prime number?
False
Suppose i - h - h = -11, -h + 7 = -2*i. Let y be 0 - -1 - (-2)/i. Let x(s) = -498*s**3 + s**2 - s - 1. Is x(y) composite?
False
Let j = -47747 + 69010. Is j composite?
True
Suppose 12*s = 7173 + 9615. Is s composite?
False
Let f = 1251 - 456. Suppose -u + f = c, 2309 + 68 = 3*u + c. Is u prime?
False
Suppose -23*j + 47597 = -12*j. Is j a prime number?
True
Suppose 28109 = 5*q + 2*y, 49*q - 51*q - y + 11243 = 0. Is q composite?
False
Suppose 3*a + 5*k + 0*k - 34089 = 0, a - 11363 = -5*k. Is a composite?
True
Let v = 1 - -4. Let u be 29/v - (-1)/5. Suppose -4*x = -4*c - 836, -u*c + c = 3*x - 643. Is x a composite number?
False
Let n(k) = 27*k**3 + 4*k**2 - 26*k - 36. Is n(7) prime?
True
Let h = 202929 - 103964. Is h prime?
False
Let b(x) = -2*x**3 - 3*x**2 - x - 2. Let v be b(-2). Suppose -v*m + 310 = -6*m. Let c = m + 270. Is c prime?
False
Suppose -17*t + 241959 + 322424 = 0. Is t composite?
False
Let c(b) = 78*b**2 - 4*b - 3. Let k(t) = -2*t + 2 + 3*t - 9 - 2. Let i be k(7). Is c(i) prime?
True
Let q = -1562 + 918. Let s = 1164 + q. Let b = s + -229. Is b a prime number?
False
Is ((-3797)/(-2))/(5*9/90) prime?
True
Suppose -5*o = -m - 2 - 8, -2*o = -4*m - 4. Suppose -196 - 858 = -o*i. Let w = i + -324. Is w composite?
True
Is (-485333)/(-119) - 12/28 composite?
True
Suppose -3*b + 2*b + 5*q + 1012 = 0, 0 = 3*b - q - 3078. Is b composite?
True
Suppose 5*v + 2*t = 33655, 5*v - 33655 = -8*t + 9*t. Is v composite?
True
Suppose 2*j + 5*u - 17727 - 25592 = 0, -2*j + 2*u = -43284. Is j a prime number?
True
Let c be 3/(-9)*-3 + 3. Suppose -c*x = -9*x. Suppose -4*n + 94 + 42 = x. Is n composite?
True
Let b(k) be the third derivative of -31*k**4/12 - 35*k**3/6 + 24*k**2. Is b(-6) a composite number?
False
Suppose -y + 2*o = -1213, 3*y - 5484 = 4*o - 1841. Is y composite?
False
Let a(k) = -1196*k - 1502. Is a(-5) prime?
False
Suppose 0 = 4*t + 19 - 83. Suppose -2*v - 2*o + 552 = -0*o, 0 = 4*o + t. Let q = v - 183. Is q prime?
True
Let n(l) = -l + 15. Let i be n(12). Suppose h - 5*h - i*f + 493 = 0, -2*h + f + 239 = 0. Suppose h + 133 = 2*m. Is m a prime number?
True
Suppose 0 = 4*h + m + 4, -2*h = -0*h - 4*m + 20. Let z(c) = -20*c**3 - c**2 + 5*c + 6. Let p be z(-6). Is (h/(-6))/(4/p) prime?
False
Is 2*(4 - 4 - 96735/(-6)) a composite number?
True
Suppose 2*p - 2287 = -2*u - 3*p, -3 = p. Is u composite?
False
Let m = 18664 + -10001. Is m a composite number?
False
Let r = -1344 - -3037. Is r a composite number?
False
Let v = 54 - 19. Let m be ((-42)/v)/(1/45). Is (18/m)/((-1)/633) a composite number?
False
Suppose -2 = 4*q + 4*x - 26, 0 = -4*q + 5*x + 15. Suppose 4*o + 91 - 31 = 4*c, 0 = q*c - o - 91. Is c a composite number?
False
Let f(t) = 82*t**3 - 5*t**2 + t + 7. Let q = -44 - -47. Is f(q) prime?
True
Suppose 14*c - 669 = 11*c. Suppose -301 = -2*i - 2*z + c, 3*i - 790 = z. Is i a composite number?
False
Suppose -5*r = 3*v - 11711, 0 = v - 3*v + 3*r + 7820. Is v a prime number?
True
Let a(t) = 5*t**2 + t + 2*t**2 - 2*t**2 + 0*t**2 + 3. Is a(8) composite?
False
Let h(p) = 74*p**3 + 4*p**2 + 5*p + 4. Is h(3) prime?
True
Let b(a) = a**2 - 12*a - 28. Let r be b(14). Suppose 12*q - 16*q + 1772 = r. Is q a composite number?
False
Suppose 4*u - 3*u - 2*z + 23 = 0, 56 = -4*u - 4*z. Let h = u + 17. Is h + 0 - (-122 - 5) a composite number?
False
Let v(k) = 2*k**3 - k**2 + k + 5585. Is v(0) composite?
True
Suppose -2*n = -4*o, -n = o + 4*o. Suppose o = -5*u - j + 174, 2*u - 5*j = -2*j + 56. Suppose -4*q = -c - 74, -c - u = -2*q + c. Is q prime?
True
Let h be 5934/14 - (-18)/126. Suppose -1911 - h = -5*y. Is y composite?
False
Let q(k) = -150*k**2 + 2*k - 12. Let n be q(4). Let w = 319 - n. Is w a prime number?
False
Let r = -1247 + 31714. Is r a prime number?
True
Let g(q) = 438*q - 127. Is g(7) a prime number?
True
Let p = 2228 + -1305. Let n(a) = -a**3 - a**2 - a - 1. Let m be n(-1). Suppose 3*r - p + 62 = m. Is r composite?
True
Let f(p) = p**2 - 8*p - 2. Let o be f(8). Let a(v) = 53*v**2 + v + 1. Is a(o) composite?
False
Let d(c) = c**2 - c - 1. Let n be d(-2). Suppose 1088 = 3*s - 5*v - 450, -2*s + n*v = -1017. Is s composite?
False
Suppose 5*w + 2*k = 77633, 5*w - 7*w = 3*k - 31051. Is w composite?
False
Is 9/12*41676/9 prime?
False
Let m(v) = -12*v**2 + 2*v + 2. Suppose 2*a = -4*a + 12. Let k be m(a). Is (-2)/(-2 - k/22) composite?
True
Let m = -93 - -94. Let r(f) = 140*f**3 - 2*f**2 - 4*f + 5. Is r(m) composite?
False
Suppose 4*r = -3*o + 23727, 2*r = -5*o + 30135 + 9410. Is o prime?
False
Suppose 0 = -z + d + 3, -5*z - 4*d = -0*d + 12. Suppose z = y - 178 - 1165. Is y a composite number?
True
Is (-7035)/(-1) + 1/((-3)/(-6)) a composite number?
True
Suppose 8302 = 4*h + 3*n, 2*h = -2*n - 0*n + 4150. Is h a prime number?
False
Suppose 0*y + 266 = -7*y. Is 3*-3*y/18 a prime number?
True
Suppose 0 = -k - a + 25802 + 3426, -3*k - a + 87690 = 0. Is k prime?
True
Suppose -4*g - 10 = -2, -g = 3*y - 31585. Is y prime?
True
Let h(d) = d**3 - 12*d**2 - 17*d - 59. Is h(29) a composite number?
True
Suppose 0 = -12*f + 552787 + 224945. Is f prime?
True
Suppose 0 = 37*d + 40*d - 9277345. Is d prime?
False
Suppose -3*r + 22 = 4*s, -3*r + 6 = s - 13. Let d = r - 2. Suppose -b + 194 = -3*v + 915, 0 = d*v + b - 952. Is v a prime number?
True
Is ((-64)/32)/(97440/(-48718) - -2) a prime number?
True
Let n(a) = -a + 23. Let d be n(10). Suppose -3*k = -v + 2, 5 - d = -4*v. Let z(w) = w**2 + 59. Is z(k) a composite number?
False
Let q(j) = 3*j**3 - 12*j**2 + 2*j + 1. Let y be q(4). Is 3250 + y + 1 + 3 a composite number?
True
Suppose -i + 5*i = 0. Suppose i = -5*j + 4*w + 5 + 31, 3*j - 23 = w. Suppose -3*h = -j*h + 255. Is h composite?
True
Let i = 20 + -22. Is i/(-4)*2348/2 a composite number?
False
Let t(o) = 133*o**2 + 8*o - 10. Is t(3) composite?
True
Let n(s) = -3160*s - 86 + 126*s + 87. Is n(-1) composite?
True
Suppose -3*d + 5*a = -259 - 639, 5*a = 4*d - 1189. Is d prime?
False
Is 882980/204 - 8/6 a composite number?
False
Suppose -2*i = -2*h + i + 18, 2*h = i + 10. Suppose 0 = h*x + 12, 2*l + 2*x = -l + 565. Is l a prime number?
True
Suppose 32*q + 5497 = 33*q. Is q a composite number?
True
Is (8 + -7)/((-3)/(-40731)) a prime number?
True
Suppose 12*s - 2*s - 430 = 0. Suppose -37*f + s*f = 4062. Is f a prime number?
True
Let b be (555/2)/(27/(-36)). Let t = b + 1411. Let s = 1748 - t. Is s prime?
False
Is (-35)/(735/(-59738))*3/2 a prime number?
False
Let x(h) = -3*h**3 + 7*h**2 + 4*h + 3. Is x(-11) a composite number?
False
Let v be (2 + 12/(-8))*556. Let g = -133 + v. Is g a composite number?
True
Suppose -10 - 5 = -5*v. Suppose 0 = 4*h - 5460 + 1932. Suppose v*c = -2*y + 883, -2*y = -4*y - 4*c + h. Is y composite?
False
Let d be 68/7 + 4/14. Suppose m = -c + 4, c + d + 2 = 3*m. Is (-12)/m*113/(-3) a prime number?
True
Suppose -4*x = -12, -4*g + 3*g = 2*x - 11. Let h = 10 - g. Suppose -h*p + 235 = -4*p. Is p prime?
False
Suppose 0 = 2*v - 21 - 75. Let i = -92 + v. Is 78/4*i/(-6) a composite number?
True
Suppose -2*u + 12755 = q, 3*u + 5*q = 4*q + 19134. Is u a composite number?
False
Suppose -5*l = 4*f + 917, -4*f - f = 3*l + 1130. Let t = f - -414. Is t composite?
False
Let d(o) = -o**3 + 13*o**2 + 11*o + 12. Let q be d(12). Let v = 409 - q. Is v a composite number?
True
Let w(p) = 150*p - 39. Let x(b) = 449*b - 115. Let g(y) = 11*w(y) - 4*x(y). Is g(-6) composite?
False
Let h be ((-5)/(-5))/((-4)/(-16)). Suppose -h*k = 5*s - 833, -2*k - 3*k = 5*s - 830. Is s composite?
True
Suppose 2*o = -2, -2*c + 2*o - 2370 = 2*c. Suppose -s = 58 + 120. Let z = s - c. Is z a prime number?
False
Suppose 0 = -2*t + 8, -5*a - 4*t + 17536 + 8125 = 0. Is a a prime number?
False
Let j be (-2)/(2/4 - 1). Suppose j*w - 3 = -223. Let h = -30 - w. Is h a prime number?
False
Let d(q) be the second derivative of 7*q**3/6 + 6*q**2 - 3*q. Is d(22) a prime number?
False
Is (6 - 2)/((-4909)/(-701) 